43.
3, 24764281
List the prime factors of 79832527.
17, 4696031
List the prime factors of 240408252.
2, 3, 7, 954001
What are the prime factors of 257903829?
3, 3301, 8681
List the prime factors of 4017252797.
349, 659, 17467
List the prime factors of 104649303.
3, 11, 59, 911
List the prime factors of 269054548.
2, 7, 2437, 3943
List the prime factors of 29565789.
3, 11, 895933
What are the prime factors of 6241778686?
2, 11, 13, 23, 948887
List the prime factors of 5621487667.
67, 83902801
List the prime factors of 1264389293.
59, 21430327
What are the prime factors of 599653835?
5, 11, 17, 83, 7727
List the prime factors of 47551034.
2, 19, 43, 29101
List the prime factors of 85357280.
2, 5, 151, 3533
What are the prime factors of 3203685841?
3203685841
List the prime factors of 1378043096.
2, 19, 37, 245029
List the prime factors of 151236494.
2, 79, 957193
What are the prime factors of 1390690958?
2, 695345479
What are the prime factors of 22061872?
2, 7, 281, 701
What are the prime factors of 507399215?
5, 1931, 52553
List the prime factors of 1613988664.
2, 201748583
List the prime factors of 90886843.
90886843
What are the prime factors of 2050043125?
5, 13, 252313
What are the prime factors of 108565511?
37, 239, 12277
What are the prime factors of 4830409746?
2, 3, 103, 631, 4129
List the prime factors of 183247925.
5, 7, 1047131
List the prime factors of 38093878.
2, 29, 656791
What are the prime factors of 22748659?
22748659
List the prime factors of 129229772.
2, 7, 4615349
What are the prime factors of 1524102887?
17, 47, 631, 3023
What are the prime factors of 1637160969?
3, 59, 9249497
List the prime factors of 3263605041.
3, 67, 16236841
List the prime factors of 422822334.
2, 3, 11, 17, 376847
What are the prime factors of 139753505?
5, 27950701
What are the prime factors of 352017609?
3, 929, 126307
List the prime factors of 451200004.
2, 112800001
What are the prime factors of 144391321?
144391321
List the prime factors of 327015652.
2, 31, 1069, 2467
List the prime factors of 33385210.
2, 5, 1171, 2851
What are the prime factors of 824112719?
824112719
List the prime factors of 2369915887.
71, 33379097
List the prime factors of 1812464399.
937, 1934327
What are the prime factors of 117580276?
2, 11, 47, 56857
What are the prime factors of 90937369?
17, 5349257
What are the prime factors of 44907884?
2, 7, 1603853
What are the prime factors of 7290571?
29, 59, 4261
What are the prime factors of 274877360?
2, 5, 3435967
What are the prime factors of 74775141?
3, 7, 71, 73, 229
What are the prime factors of 5697298666?
2, 25411, 112103
What are the prime factors of 483480131?
483480131
What are the prime factors of 1280860121?
17, 47, 1603079
List the prime factors of 78088063.
78088063
List the prime factors of 99937373.
17, 379, 15511
List the prime factors of 2277752180.
2, 5, 11, 401, 25819
What are the prime factors of 2857639995?
3, 5, 7, 19, 367, 1301
List the prime factors of 252456364.
2, 47, 367, 3659
What are the prime factors of 445238015?
5, 29, 105883
List the prime factors of 74886328.
2, 11, 31, 97, 283
List the prime factors of 45933057.
3, 173, 29501
What are the prime factors of 364682700?
2, 3, 5, 41, 9883
What are the prime factors of 3833829201?
3, 307, 4162681
List the prime factors of 2013504591.
3, 7, 31, 37, 179, 467
What are the prime factors of 81542620?
2, 5, 43, 53, 1789
List the prime factors of 3627127708.
2, 251, 3612677
What are the prime factors of 1229397611?
13, 1901, 49747
What are the prime factors of 6786240243?
3, 2143, 1055567
List the prime factors of 46698087.
3, 59, 193, 1367
List the prime factors of 444920586.
2, 3, 11, 6741221
What are the prime factors of 4304294?
2, 479, 4493
What are the prime factors of 779191324?
2, 31, 673, 9337
List the prime factors of 27929238.
2, 3, 1571, 2963
List the prime factors of 23017000.
2, 5, 23017
List the prime factors of 614283675.
3, 5, 8190449
What are the prime factors of 82708695?
3, 5, 22691
List the prime factors of 4955673802.
2, 491, 5046511
List the prime factors of 4833248162.
2, 26203, 92227
What are the prime factors of 294448482?
2, 3, 283, 57803
What are the prime factors of 656181126?
2, 3, 59, 617873
List the prime factors of 231600433.
257, 901169
List the prime factors of 96989056.
2, 757727
What are the prime factors of 3135363646?
2, 37, 42369779
List the prime factors of 58920352.
2, 1841261
List the prime factors of 20248246.
2, 10124123
What are the prime factors of 69034684?
2, 23, 331, 2267
What are the prime factors of 25138820?
2, 5, 7, 179563
What are the prime factors of 14352657?
3, 11, 19, 2081
What are the prime factors of 433267725?
3, 5, 11, 47743
List the prime factors of 287362583.
1597, 179939
List the prime factors of 112877605.
5, 22575521
List the prime factors of 431955877.
431955877
List the prime factors of 2505365703.
3, 53, 127, 41357
List the prime factors of 83247128.
2, 10405891
What are the prime factors of 8581637?
31, 276827
What are the prime factors of 494587598?
2, 107, 761, 3037
List the prime factors of 481423163.
13, 61, 607091
What are the prime factors of 985992595?
5, 7, 28171217
What are the prime factors of 2053592976?
2, 3, 709, 60343
What are the prime factors of 13476842?
2, 1321, 5101
List the prime factors of 2521170709.
29, 421, 206501
What are the prime factors of 52000597?
11, 367, 1171
What are the prime factors of 6867509256?
2, 3, 29, 3289037
What are the prime factors of 23381326?
2, 2333, 5011
What are the prime factors of 108711590?
2, 5, 13, 836243
List the prime factors of 136424964.
2, 3, 13, 269, 3251
List the prime factors of 119970118.
2, 59985059
What are the prime factors of 1436577?
3, 389, 1231
List the prime factors of 27905339.
7, 11, 362407
List the prime factors of 505270363.
13, 19, 2045629
What are the prime factors of 6833118964?
2, 7, 244039963
What are the prime factors of 169274432?
2, 2644913
What are the prime factors of 247871199?
3, 41, 2015213
What are the prime factors of 597914702?
2, 7, 11, 3882563
List the prime factors of 622296371.
622296371
List the prime factors of 770082784.
2, 24065087
List the prime factors of 35875746.
2, 3, 17, 117241
List the prime factors of 3158350.
2, 5, 13, 43, 113
List the prime factors of 208470986.
2, 104235493
List the prime factors of 83556606.
2, 3, 7, 41, 48523
What are the prime factors of 650948408?
2, 11, 7397141
What are the prime factors of 59648988?
2, 3, 7, 17, 41771
List the prime factors of 342220682.
2, 53, 181, 17837
List the prime factors of 696777088.
2, 7, 23, 33811
What are the prime factors of 13106710?
2, 5, 431, 3041
List the prime factors of 61015165.
5, 47, 259639
List the prime factors of 12269273.
31, 89, 4447
List the prime factors of 3130220218.
2, 277, 433, 13049
What are the prime factors of 30307829?
211, 239, 601
What are the prime factors of 55473716?
2, 3449, 4021
List the prime factors of 2776429331.
13, 213571487
What are the prime factors of 1204269297?
3, 7, 11, 47, 110921
List the prime factors of 26944385.
5, 13, 23, 67, 269
List the prime factors of 192966670.
2, 5, 13, 1484359
List the prime factors of 161998282.
2, 80999141
List the prime factors of 18130812.
2, 3, 7, 215843
List the prime factors of 151977760.
2, 5, 11, 86351
What are the prime factors of 57075341?
17, 373, 9001
List the prime factors of 3780274314.
2, 3, 19, 59, 29581
What are the prime factors of 276470141?
11321, 24421
What are the prime factors of 402174711?
3, 23, 1942873
What are the prime factors of 85929166?
2, 829, 51827
What are the prime factors of 2224842904?
2, 17, 53, 308663
What are the prime factors of 4615560871?
197, 1303, 17981
List the prime factors of 628208463.
3, 17, 12317813
What are the prime factors of 28946178?
2, 3, 967, 1663
List the prime factors of 575298350.
2, 5, 11, 1045997
What are the prime factors of 153720625?
5, 419, 587
List the prime factors of 205608620.
2, 5, 7, 1468633
What are the prime factors of 24658012?
2, 6164503
List the prime factors of 5321222161.
71, 74946791
What are the prime factors of 65547934?
2, 32773967
List the prime factors of 135054056.
2, 43, 392599
What are the prime factors of 78705147?
3, 461, 56909
List the prime factors 